git of (r/g)/((-3)/18)?
2
Suppose 4*v + 3 = 5*v. Suppose a - v*a = -42. What is the units digit of a?
1
Let o be 0 - (9/(-3) - -1). Suppose -20 = -o*w - 3*w. What is the units digit of w?
4
What is the units digit of (-1)/(-2)*(82 - -4)?
3
Let j(z) = z**3 + z**2 - z + 121. What is the units digit of j(0)?
1
Suppose t = -2*m - 0*m + 95, 5*t - 245 = -5*m. What is the units digit of m?
6
Let o = -24 - -5. Let a(g) = -2*g - 5. Let r be a(4). Let h = r - o. What is the units digit of h?
6
Let c(g) = -2*g**3 + 2*g**2 + 2*g - 1. Let x be c(2). Let o = x + 11. What is the units digit of o?
6
Let n be ((-8)/(-5))/((-4)/(-30)). Suppose 5*g - 2 = -n. Let t(j) = j**2 - 2*j - 3. What is the units digit of t(g)?
5
Let i(b) = 2. Let m(u) = -u - 6. Let o(f) = -7*i(f) - 2*m(f). Let c be o(5). Let h = -5 + c. What is the units digit of h?
3
Suppose 0 = 6*b - 8*b + 702. What is the tens digit of b?
5
Suppose -4*d - 4 = 0, -3*g - 5*d + 2 = -23. What is the units digit of g?
0
Suppose 27 = 5*c - 8. Let v(o) = 3*o - 6. Let m(b) = b - 3. Let d(t) = c*m(t) - 3*v(t). What is the units digit of d(-4)?
5
Let w(t) = t**3 - 3*t**2 - 2*t - 4. Let h be w(4). Suppose 0 = i + h*i - 50. What is the tens digit of i?
1
Let r = 30 + 25. What is the tens digit of r?
5
Let h = 135 + -60. What is the units digit of h?
5
Let n = 16 + -6. Let x = -43 + n. What is the units digit of 2/7 + x/(-7)?
5
Let h(a) = 4*a. Let l be h(2). Let p be 6/l + 198/24. Suppose p = 5*q - 56. What is the units digit of q?
3
Let m = -6 + 5. Let s = 2 + -1. What is the units digit of s + 5/(m + 2)?
6
Let b be ((-3)/(-6))/(3/66). Let i = b - 6. What is the units digit of i?
5
Let p(f) = f**2 + 9*f + 9. Let o be p(-7). Let v(i) = 3*i - 7. Let t be v(5). Let x = o + t. What is the units digit of x?
3
Let f be ((-4)/4 + -20)/(-1). Suppose b - f - 4 = 0. What is the tens digit of b?
2
Let w be 30 + (2 - 2)/(-2). Suppose 4*o = 10 + w. Suppose 2*u + 4*x - 14 - o = 0, 4*x = 2*u. What is the units digit of u?
6
What is the units digit of (-2)/3 + 174/18?
9
Suppose 591 = 5*a + 201. What is the tens digit of a?
7
Let g(r) = r**2 - 2*r + 22. Let b be g(0). Suppose -b = -x - 5. What is the tens digit of x?
1
What is the units digit of (715/10 - -5) + (-3)/2?
5
Suppose 5*n - 60 = -2*w, 2*n + 3*n - 70 = -4*w. Suppose 5*o + z - n = 0, 3*z - 1 = 4*o + 10. What is the units digit of o/(2 - 1) - -3?
4
Suppose u = 5*q - 7 - 7, -3*u - 14 = -q. Suppose q*h = 4*h + 18. Let i(j) = -j - 3. What is the units digit of i(h)?
6
Suppose -g = 2*s + 2 - 0, -1 = -3*g + s. Suppose g = -3*m + 4*w + 150, -m + 5*w - 31 = -2*m. What is the tens digit of m?
4
Let l(j) = -j + 9. Let v be l(10). What is the units digit of 1/((-1)/7*v)?
7
Suppose -2*u = -5*u + 48. What is the units digit of u?
6
Let a = 43 + -30. What is the tens digit of a?
1
Let b(p) = 5*p - 1. Let d(t) = -4*t. Let n = -8 - -7. Let h be d(n). What is the tens digit of b(h)?
1
Let y(f) = 2*f - 3. Let q be y(2). What is the units digit of (6/q)/(8/12)?
9
Let t(j) be the second derivative of j**5/20 - 7*j**4/12 - 3*j**3/2 + 9*j**2/2 - 2*j. Let d = 20 + -12. What is the units digit of t(d)?
1
Let x = 52 - -29. What is the units digit of x?
1
Let g(h) = 25*h**2 + 6*h + 18. What is the hundreds digit of g(-3)?
2
What is the hundreds digit of (-1)/(-2)*-2 - (-108 + -7)?
1
Let x = -213 - -426. What is the tens digit of x?
1
Let g(p) be the third derivative of p**4/8 - p**3/3 + p**2. Let y be -3 + 2 - (-1 + -2). What is the units digit of g(y)?
4
Let r(o) = -o**2 - 10*o + 11. Let i be r(-11). Suppose 3 = -w - i*w. What is the units digit of ((-3)/(w/(-1)))/(-1)?
1
Suppose 0 = -n + 2. What is the units digit of n?
2
Let t = -18 - -8. Let b = 21 + t. What is the tens digit of b?
1
Suppose -1 = 2*f + 3. Let g = f + 7. Suppose 3*x + 56 = g*i, -2 = -3*i + 2*i - 4*x. What is the tens digit of i?
1
Let t(l) = -l**2 + 14*l - 11. Let u be t(13). Suppose -5 = -h - u*q, -6 = -2*q - q. What is the units digit of h?
1
Let j = -90 - -136. What is the units digit of j?
6
Suppose -6 = 2*h - 4*h. Let v = 1 + h. What is the units digit of v?
4
Suppose -9 = -3*a + 18. Suppose -a = -3*x - 0*x. What is the units digit of x?
3
Let o = 0 + 2. Let k(w) = 2*w**2 + 5*w. Let q be k(-4). Suppose 2*i - 3*z + o*z = q, 15 = 3*i - 3*z. What is the units digit of i?
7
What is the units digit of 162/8 + 9/12?
1
Suppose -7 - 20 = 3*n. Let x = n + 5. Let v = 6 + x. What is the units digit of v?
2
Let c = -45 - -81. What is the tens digit of c?
3
Let u(m) = m**2 - m - 1. Let g(k) = -2*k - 1. Let w be g(-2). Suppose -w*a - 1 = 2. What is the units digit of u(a)?
1
Suppose -3*w + 7*w = 0. What is the units digit of (w - 3)*2/(-3)?
2
Let i be 2/(-6) - 2/(-6). Suppose i = -0*p + p - 6. What is the units digit of 6 + (-3)/p*2?
5
Suppose -2*b + 20 = b + 4*h, 0 = -3*h + 15. Suppose u - 15 = -b*u. What is the tens digit of u?
1
Suppose 2*p - 5*p = 3*n - 150, 85 = 2*n - 3*p. What is the units digit of n?
7
Let b(v) = 7*v + 2. Let g be b(2). Let i = 41 - g. What is the tens digit of i?
2
Let f be (-2)/(-2) - (-2 + 0). Let q(h) be the second derivative of h**3/6 + 2*h. What is the units digit of q(f)?
3
Suppose -3*s + 0*s = -2*b + 7, -4*s = -b + 6. What is the units digit of b?
2
Suppose 5*h = 4*a + 13, 2*a + 0*h + h - 11 = 0. Let s(d) = 13*d + 21. Let t(w) = 3*w + 5. Let x(c) = -2*s(c) + 9*t(c). What is the units digit of x(a)?
6
Let a be 9/9 + (38 - 1). Let c = a - 13. What is the units digit of c?
5
Let x(t) = -t**2 - 5*t. Let u be x(-5). Suppose -3*i = -u*i + 15. Let b = 6 + i. What is the units digit of b?
1
Let i(c) = c**3 - 3*c**2 - 3*c - 2. Let h be i(4). What is the tens digit of (-189)/(-14) - h/4?
1
Let j(n) = 2 - 4*n + 1 + 6*n - n. What is the units digit of j(0)?
3
Let z = 4 + -1. Suppose -4*f + 3*f + 4 = -2*x, z*f + x = 19. What is the units digit of f/(-9) - (-28)/6?
4
Suppose 0 = 5*x - 19 - 81. Suppose 4*v = t + 12, -x = 2*t - 3*t - 4*v. Suppose -4*u + 0 = -t. What is the units digit of u?
1
Suppose -190 = -5*r - 0*r. What is the tens digit of (-4)/4*(-1 - r)?
3
Let d = 1 - 1. Suppose 0 = -d*u + 4*u - 84. Let z = -13 + u. What is the units digit of z?
8
What is the tens digit of -2 - -21 - 0/(-6)?
1
Let r(y) be the second derivative of y**4/12 + 5*y**3/3 + 3*y**2 - 2*y. What is the units digit of r(-11)?
7
What is the tens digit of 40 + 7 + (-4 - 0)?
4
Let u(c) be the second derivative of -1/20*c**5 + 2*c - 1/3*c**4 - 2/3*c**3 + 1/2*c**2 + 0. What is the units digit of u(-3)?
4
Let r = -3 + 4. Let q = -13 + r. Let k = q + 21. What is the units digit of k?
9
Let c(w) = 8*w + 14. What is the units digit of c(5)?
4
Let d be (3/(-6)*-8)/1. Suppose -n = d*n. Suppose -6*q + q + 75 = n. What is the units digit of q?
5
Let c(l) = l. Let g(q) = 6*q - 6. Let k(f) = -2*c(f) + g(f). What is the tens digit of k(8)?
2
Suppose p + 0*i + 5*i + 11 = 0, -1 = 5*p - 2*i. Let y = 3 + p. Suppose 0 = -y*g + 3*o - 5 - 1, 0 = 5*g - 5*o + 5. What is the units digit of g?
3
Suppose 5*j = 3*h - 163, -3*h + 6*j = 2*j - 158. What is the tens digit of h?
4
Suppose 0*h - 4 = -h. Suppose -i + 10 = 4*l, -h*i + 2*i + l = -38. What is the tens digit of i?
1
Let u(y) = y**2 + 17*y + 3. What is the tens digit of u(-20)?
6
Let u(m) = -28*m - 4. What is the tens digit of u(-2)?
5
Let j(b) = -b**2 - 15*b + 7. What is the tens digit of j(-11)?
5
Let k = 4 - 0. What is the units digit of k?
4
Suppose 5 = 5*c, 3*t - 13 = 6*c - c. Suppose d + d - t = 0. Suppose -d*v + 1 = -14. What is the units digit of v?
5
Let b be -1*(3 + 0 - -21). What is the units digit of (7/14)/((-2)/b)?
6
Let m(h) = -7*h**3 - 9*h**2 + h - 3. Let l(u) = 20*u**3 + 26*u**2 - 3*u + 9. Let y(z) = 6*l(z) + 17*m(z). What is the units digit of y(-3)?
6
Suppose 4*q + q + 3 = -3*w, -5*w + 8 = 4*q. Suppose 4*i = w*j + 88, 29 = 3*i + j - 21. What is the units digit of 4*(i/(-4))/(-3)?
6
Suppose 0 = -0*b - 2*b. Suppose b = 2*m - 5*q - 5 - 3, -3*m + 25 = -q. What is the units digit of m?
9
Suppose -2*r - 2*r + 3*u + 121 = 0, -127 = -4*r + 5*u. Suppose -3*h + 6 = -h. Suppose r = h*k + k. What is the units digit of k?
7
Let i(m) be the second derivative of m**4/12 - 3*m**3/2 + m**2 - 4*m. Let q be i(11). Suppose -2*p + q = -18. What is the units digit of p?
1
Let k = -16 - -27. Suppose -11 = -2*o + 3